lse
Does 6 divide 2382?
True
Is 104 a multiple of 35?
False
Is 357 a multiple of 16?
False
Does 34 divide 34?
True
Is 45 a factor of 3130?
False
Is 14536 a multiple of 8?
True
Is 1608 a multiple of 13?
False
Is 18 a factor of 8846?
False
Is 27 a factor of 3334?
False
Is 1655 a multiple of 5?
True
Is 4 a factor of 5959?
False
Is 92 even?
True
Is 85 a factor of 12580?
True
Is 21 a factor of 42?
True
Is 15286 a multiple of 59?
False
Is 22 a factor of 5566?
True
Is 51 a factor of 5208?
False
Does 17 divide 459?
True
Is 2 a factor of 18?
True
Is 354 a factor of 98058?
True
Is 54886 a multiple of 26?
True
Is 69 even?
False
Is 91 a multiple of 21?
False
Is 30 a factor of 26042?
False
Is 62 a factor of 2976?
True
Does 3 divide 4798?
False
Is 44 a factor of 3212?
True
Is 167 a factor of 3173?
True
Does 12 divide 1102?
False
Is 17 a factor of 7735?
True
Is 9 a factor of 3474?
True
Is 2994 a multiple of 51?
False
Is 15363 a multiple of 13?
False
Is 21 a factor of 9345?
True
Is 12 a factor of 672?
True
Is 214 a factor of 12454?
False
Is 5 a factor of 905?
True
Does 25 divide 290?
False
Does 17 divide 85?
True
Is 1140 a multiple of 10?
True
Does 13 divide 1833?
True
Does 38 divide 4522?
True
Does 5 divide 2163?
False
Is 32978 a multiple of 40?
False
Is 43853 a multiple of 51?
False
Is 7693 a multiple of 3?
False
Is 255 a factor of 3187?
False
Is 7 a factor of 630?
True
Is 369 a multiple of 14?
False
Does 5 divide 664?
False
Does 10 divide 60?
True
Does 10 divide 7568?
False
Does 23 divide 502?
False
Does 11 divide 1056?
True
Is 75 a factor of 2325?
True
Is 3836 a multiple of 274?
True
Is 85 a factor of 17119?
False
Does 9 divide 216?
True
Is 47 a factor of 1999?
False
Is 2886 a multiple of 13?
True
Is 17203 a multiple of 105?
False
Does 21 divide 8778?
True
Is 8891 a multiple of 67?
False
Is 10812 a multiple of 68?
True
Does 78 divide 2730?
True
Does 82 divide 2753?
False
Does 10 divide 490?
True
Is 39 a factor of 605?
False
Is 18 a factor of 20434?
False
Does 98 divide 845?
False
Is 9 a factor of 66618?
True
Is 79 a factor of 330?
False
Does 38 divide 9090?
False
Is 12 a factor of 4726?
False
Does 13 divide 57999?
False
Does 35 divide 7987?
False
Is 160 a multiple of 11?
False
Does 20 divide 134?
False
Is 717 a multiple of 144?
False
Does 16 divide 6707?
False
Is 21 a factor of 1647?
False
Is 38 a factor of 7466?
False
Is 60 a factor of 1558?
False
Does 72 divide 2808?
True
Is 23 a factor of 7820?
True
Is 39550 a multiple of 214?
False
Is 4 a factor of 148?
True
Does 107 divide 603?
False
Is 35 a factor of 821?
False
Does 11 divide 541?
False
Is 829 a multiple of 25?
False
Does 14 divide 396?
False
Is 1164 a multiple of 24?
False
Is 45066 a multiple of 203?
True
Is 3120 a multiple of 16?
True
Does 7 divide 4223?
False
Does 23 divide 115?
True
Does 14 divide 172?
False
Is 30 a factor of 6300?
True
Is 47 a factor of 4230?
True
Does 7 divide 33066?
False
Is 9594 a multiple of 39?
True
Is 41797 a multiple of 45?
False
Is 10428 a multiple of 97?
False
Is 76 a multiple of 11?
False
Does 9 divide 150?
False
Is 18 a factor of 2074?
False
Does 11 divide 29925?
False
Does 26 divide 50700?
True
Does 146 divide 19396?
False
Is 15 a factor of 255?
True
Is 25850 a multiple of 235?
True
Is 12 a factor of 972?
True
Does 45 divide 1746?
False
Is 58 a factor of 719?
False
Is 533 a multiple of 20?
False
Does 9 divide 1172?
False
Does 14 divide 9865?
False
Is 100 a factor of 5400?
True
Is 2140 a multiple of 10?
True
Is 1393 a multiple of 20?
False
Is 18994 a multiple of 346?
False
Does 61 divide 4209?
True
Is 403 a multiple of 3?
False
Does 38 divide 4712?
True
Does 24 divide 5352?
True
Is 31 a factor of 1023?
True
Does 7 divide 629?
False
Is 1702 a multiple of 4?
False
Is 36447 a multiple of 61?
False
Is 79 a factor of 460?
False
Does 14 divide 937?
False
Is 6 a factor of 10626?
True
Is 2 a factor of 308?
True
Is 30044 a multiple of 174?
False
Is 29 a factor of 8377?
False
Is 17 a factor of 22234?
False
Does 47 divide 26957?
False
Does 23 divide 253?
True
Does 20 divide 42572?
False
Does 46 divide 2162?
True
Does 21 divide 36162?
True
Is 6517 a multiple of 49?
True
Does 17 divide 8313?
True
Does 32 divide 160?
True
Does 43 divide 986?
False
Does 58 divide 348?
True
Is 10 a factor of 430?
True
Is 114 a factor of 4218?
True
Is 165 a factor of 13148?
False
Is 14400 a multiple of 16?
True
Does 14 divide 322?
True
Is 5 a factor of 8974?
False
Is 25 a factor of 3661?
False
Is 13 a factor of 1196?
True
Does 274 divide 23016?
True
Does 24 divide 8523?
False
Does 15 divide 3268?
False
Is 3252 a multiple of 129?
False
Does 10 divide 36313?
False
Is 17 a factor of 16048?
True
Is 32 a factor of 958?
False
Is 7042 a multiple of 17?
False
Is 90 a factor of 7110?
True
Is 51 a multiple of 51?
True
Is 7 a factor of 48029?
False
Does 2 divide 90?
True
Is 7570 a multiple of 61?
False
Does 32 divide 928?
True
Is 1856 a multiple of 116?
True
Does 19 divide 760?
True
Is 37 a factor of 2590?
True
Does 11 divide 7805?
False
Is 35333 a multiple of 240?
False
Is 170 a multiple of 13?
False
Is 35055 a multiple of 41?
True
Is 540 a multiple of 180?
True
Is 9 a factor of 1515?
False
Is 1592 a multiple of 13?
False
Does 15 divide 705?
True
Is 1768 a multiple of 26?
True
Does 21 divide 30919?
False
Does 33 divide 145?
False
Is 13 a factor of 418?
False
Does 12 divide 5029?
False
Is 6808 a multiple of 74?
True
Does 32 divide 3192?
False
Is 774 a multiple of 6?
True
Is 28 a factor of 8512?
True
Is 1778 a multiple of 10?
False
Is 586 a multiple of 8?
False
Does 18 divide 27396?
True
Does 27 divide 8100?
True
Does 26 divide 26?
True
Is 21722 a multiple of 15?
False
Does 32 divide 115360?
True
Does 66 divide 3386?
False
Does 112 divide 5000?
False
Does 5 divide 846?
False
Is 116520 a multiple of 21?
False
Is 193 a multiple of 8?
False
Is 16 a factor of 784?
True
Does 27 divide 79306?
False
Is 801 a multiple of 22?
False
Is 8 a factor of 1381?
False
Does 68 divide 7569?
False
Does 18 divide 499?
False
Is 16140 a multiple of 15?
True
Does 67 divide 1544?
False
Is 1117 a multiple of 40?
False
Is 8952 a multiple of 3?
True
Is 145 a factor of 5604?
False
Is 389 a multiple of 19?
False
Is 5968 a multiple of 8?
True
Does 40 divide 1240?
True
Does 32 divide 298?
False
Is 25 a factor of 117?
False
Is 344 a multiple of 2?
True
Is 356 a factor of 16270?
False
Does 9 divide 5512?
False
Is 62 a multiple of 5?
False
Is 41082 a multiple of 26?
False
Is 10 a factor of 4008?
False
Is 4560 a multiple of 120?
True
Is 748 a multiple of 68?
True
Is 1045 a multiple of 95?
True
Is 4896 a multiple of 144?
True
Is 456 a multiple of 57?
True
Does 47 divide 331?
False
Is 2146 a multiple of 37?
True
Does 11 divide 211?
False
Is 137 a factor of 2098?
False
Is 79 a factor of 77973?
True
Is 6 a factor of 7174?
False
Is 2280 a multiple of 95?
True
Is 1998 a multiple of 61?
False
Is 6154 a multiple of 50?
False
Is 48 a factor of 768?
True
Is 11627 a multiple of 77?
True
Is 25 a factor of 3700?
True
Is 12 a factor of 1752?
True
Is 9 a factor of 24853?
False
Does 4 divide 2320?
True
Is 57 a multiple of 3?
True
Is 309 a multiple of 3?
True
Is 8 a factor of 426?
False
Does 6 divide 2401?
False
Does 7 divide 249?
False
Is 1156 a multiple of 34?
True
Is 45 a factor of 5355?
True
Does 5 divide 4230?
True
Is 6777 a multiple of 30?
False
Is 1007 a multiple of 53?
True
Does 57 divide 3576?
False
Is 178 a factor of 47170?
True
Does 5 divide 2100?
True
Is 2096 a multiple of 8?
True
Is 7552 a multiple of 128?
True
Does 4 divide 564?
True
Is 1008 a multiple of 7?
True
Is 18 a factor of 252?
True
Is 26 a factor of 56455?
False
Is 57690 a multiple of 146?
False
Does 8 divide 4921?
False
Does 17 divide 187?
True
Is 3 a factor of 153?
True
Does 18 divide 270?
True
Is 286 a multiple of 26?
True
Does 20 divide 1360?
True
Is 64 a factor of 1024?
True
Is 10 a factor of 4930?
True
Is 365 a multiple of 23?
False
Is 11 a factor of 1415?
False
Does 11 divide 242?
True
Is 21185 a multiple of 223?
True
Is 837 even?
False
Is 7 a factor of 1226?
False
Is 21119 a multiple of 39?
False
Does 6 divide 3633?
False
Is 7 a factor of 2548?
True
Does 14 divide 12068?
True
Is 1284 a multiple of 3?
True
Does 4 divide 232?
True
Is 108 a factor of 4134?
False
Is 2 a factor of 13